9)/((-2)/(-6)). Calculate the greatest common factor of u and j.
13
Suppose -4*m + 20 = 2*l, 4 - 1 = m. Let b be (l/(-6))/(1 - (-53)/(-51)). What is the greatest common divisor of b and 153?
17
Suppose 7*l + 11 = 158. What is the greatest common divisor of 105 and l?
21
Let q = -75 + 109. Calculate the greatest common divisor of q and 170.
34
Let c be ((16/6)/(-4))/((-4)/30). Suppose 0 = z - 16 - c. What is the highest common divisor of z and 21?
21
Let p(g) = -g**3 - 21*g**2 - 2*g - 15. Suppose l = 4*l + 4*x + 51, -2*x = -6. Let z be p(l). Calculate the greatest common factor of z and 27.
27
Let b(k) = 3*k + 1. Let y be b(1). Suppose y*u + 10 - 78 = 0. Calculate the greatest common factor of u and 34.
17
Let x(h) be the first derivative of 2*h**2 - 2*h - 10. Let m be x(4). What is the greatest common divisor of m and 98?
14
Suppose -3*c = 4*x + 170 - 482, -4*c - 359 = -5*x. What is the highest common divisor of 120 and x?
15
Suppose -43 = -2*c - 5*p, 3*c + 0*p - 42 = -3*p. Calculate the greatest common factor of 387 and c.
9
Let h be 4/(-54) - 8977/(-1269). What is the highest common divisor of 567 and h?
7
Let o be 70/(-4) - 1/(-2). Let w = -115 - -144. Let a = w + o. Calculate the greatest common factor of 4 and a.
4
Suppose -5*b = 5*p - 1000, 0 = -2*p - 3*b + 173 + 224. Let w = p - 133. What is the highest common factor of w and 28?
14
Let r = 575 - 507. Calculate the highest common divisor of r and 323.
17
Let a be (-3 + 7 - 7) + (21 - 1). Let x(t) = 8*t**2 + 0*t - 3*t + 1 - t. Let n be x(-3). What is the greatest common divisor of n and a?
17
Let b be 1/2 + (-273)/(-6). Let z(l) = -5 + 2 - b*l + 4 + 44*l. Let r be z(-6). What is the greatest common divisor of r and 52?
13
Suppose 5 + 31 = -3*v. Let t be -3*1 - (v + -3). Suppose -28 = -4*w - t. Calculate the greatest common factor of w and 32.
4
Let i be ((-1)/2)/((1 - -2)/(-90)). Suppose -6*j - h = -8*j + 65, -i = -3*h. Let q = -135 - -520. Calculate the highest common factor of q and j.
35
Let j(y) = -y**2 - 8*y + 133. Let s be j(0). What is the highest common factor of s and 76?
19
Let i be 4/10 - 4/10 - -114. Suppose b = -3*u + 36, -i = -3*b + 3*u - 6*u. Calculate the greatest common factor of b and 117.
39
Let d = -83 + 134. Calculate the highest common factor of 255 and d.
51
Let s be ((-3)/5)/(26/(-4030)). Calculate the greatest common divisor of s and 217.
31
Suppose -432*y = -416*y - 448. Calculate the greatest common factor of 1316 and y.
28
Suppose -2*s + 3 = -5*g, -9*s + 6*s + 4*g = -1. Let r be (-31)/s + 10/((-50)/15). What is the greatest common factor of r and 12?
4
Let s = -234 + 163. Let f = 75 + s. Calculate the highest common divisor of 4 and f.
4
Suppose 3*m = 4*w + 101, m - 7*w + 4*w - 27 = 0. Suppose -3*n = -3*p - 54, 58*n - 59*n - 3*p + 50 = 0. Calculate the highest common factor of m and n.
13
Let o = 73 + -41. Suppose 3*f - o = 43. What is the greatest common factor of f and 275?
25
Suppose -2*l - 38 = -62. Let u = -1 + 4. Suppose -u*b = -108 - 180. What is the highest common divisor of l and b?
12
Suppose 16*u = 8*u + 1064. What is the highest common factor of u and 38?
19
Let u(b) = 3*b + 8. Let c be u(6). Let m be (-2)/(4/(-626)) + -1. Suppose -m = -2*v - 0*v. Calculate the greatest common divisor of c and v.
26
Let x = 30 + -6. Let w(l) = l**3 - 8*l**2 - 10*l - 16. Let y be w(10). What is the highest common factor of y and x?
12
Let f be 17 - (-1)/((-5)/25). Let s be 19 + f/(-4) - -1. What is the highest common factor of s and 187?
17
Let s(d) = d**3 + 6*d**2 - 10*d - 21. Let q be s(-3). Suppose a - 115 - 155 = 0. Suppose 0 = 2*z - 5*z + a. What is the highest common divisor of z and q?
18
Let o be 6/7*84/8. Let w be 10 - (2 - o - -4). Suppose -566 = -4*v - 2*h, 3*h - h = -v + 137. What is the highest common factor of v and w?
13
Let j = 15 - -36. Calculate the greatest common factor of 136 and j.
17
Suppose 0 = 2*t + 10, 3*o + 4*t = 4*o + 50. Let x = o - -268. What is the greatest common divisor of x and 18?
18
Let t = -25 - -25. Let u = 9 + t. Calculate the highest common divisor of 18 and u.
9
Suppose -59 - 73 = -4*p + 5*c, -c = -3*p + 88. Calculate the highest common factor of 20 and p.
4
Let u(g) = 2*g**2 - 2*g - 39. Let v be u(6). Calculate the highest common divisor of v and 7.
7
Suppose 3*d = 4*d - 3*d. Let h be (d - 3*1)*24/(-9). Calculate the greatest common divisor of h and 88.
8
Let x(j) = 2*j**3 - 17*j**2 + 9*j - 78. Let w be x(9). Calculate the highest common factor of 273 and w.
21
Suppose c - 30 = -3*l, -c + 4*c + 2*l - 76 = 0. Calculate the greatest common divisor of c and 18.
6
Let n be (-12)/32 - (-755)/8. Let j = n + -18. Calculate the highest common divisor of 4 and j.
4
Let f = -35 - -39. Suppose -5*s = f*g - 152, -6*s - 5*g = -s - 150. What is the highest common divisor of s and 4?
4
Let z be ((3 - 4) + 1)/(-2). Suppose 3*s = -5*h - s - 38, -5*h + 3*s - 24 = z. Let c be 17 + -6*3/h. Calculate the greatest common factor of 140 and c.
20
Suppose -2*t + 175 = -5*k, -5*k + 57 = 4*t - 248. Calculate the greatest common factor of t and 80.
80
Let v(f) = -13 + 12 - 4*f + f + 2*f. Let a be v(7). Let g be (-1)/(1/a*1). What is the highest common factor of 24 and g?
8
Let g be 304/28*(-7)/(-6)*3. Let a = -39 - -58. What is the highest common factor of g and a?
19
Suppose 5*v = -2*s + 87 + 15, -s = -4*v - 64. What is the greatest common factor of s and 48?
8
Let w(m) = -8*m + 54. Let v be w(10). Let x be 44/286 - 386/v. What is the highest common factor of x and 20?
5
Suppose 116*f = 4358 + 6107 - 257. Let v(g) = -4*g + 2 + 0 - 2*g - g**2. Let a be v(-3). What is the greatest common factor of a and f?
11
Let c(z) = 385*z + 906. Let d be c(7). Calculate the greatest common factor of d and 13.
13
Let k(d) = -4*d + 73. Let t be k(14). What is the highest common divisor of t and 1?
1
Let m = 12 - 10. Suppose -m*g + 0*g - 48 = -4*k, -5*g - 50 = -3*k. Suppose -37*t + 39*t = 80. Calculate the highest common divisor of k and t.
10
Suppose -16*d + 13*d + 603 = 0. What is the greatest common factor of d and 268?
67
Let j be (-606)/(-27) - (-4)/(-9). What is the greatest common divisor of j and 154?
22
Suppose -3*j + m = -430, 0 = -5*m + 14 - 4. Let y be ((-8)/(-3))/((-3)/(-18)). What is the highest common factor of j and y?
16
Let d(m) = -m**2 - 20*m - 98. Let l be d(-11). Let y be (58/3)/((-2)/(-15)). Let p be y + l + 3 + 4. Calculate the highest common factor of 17 and p.
17
Let o = -26 - -45. Let z = -8 + 11. Suppose -57 = -3*j - 2*u, 0 = -z*j - 0*u + 2*u + 57. What is the greatest common factor of o and j?
19
Let d = 7 - -12. Let y = d - -45. What is the highest common factor of 8 and y?
8
Suppose p = 3*p + 5*s - 14, 5*s = -p + 7. Suppose -10*r = -p*r - 165. What is the greatest common divisor of 22 and r?
11
Let w = -10 - -19. Let m be (30/(-35))/((-6)/28) - -1. Suppose -m*i - i + 6 = 0. What is the greatest common divisor of i and w?
1
Let z(c) = 60*c - 45. Let b be z(2). Calculate the highest common divisor of b and 60.
15
Let g(t) = 56*t + 605. Let x be g(-10). What is the highest common divisor of 54 and x?
9
Let w(m) = 109*m**2 + 6*m - 7. Let p be w(7). Suppose 12*r - p + 1764 = 0. What is the greatest common factor of 43 and r?
43
Suppose n + t = 6, -3*n + 3*t + 0*t = -12. Suppose 0 = -k - g - 2, k + 0 - 4 = n*g. Let u = 9 + k. What is the highest common factor of 56 and u?
8
Suppose -i - 76 = -12. Let d = 72 - i. Suppose -v = 3*s - 51, -3*s - 4*v - 137 = -188. Calculate the highest common divisor of d and s.
17
Let n be (-6)/(-15)*(-10)/(-2). Let v be -2*2/n + (30 - 13). Calculate the greatest common divisor of v and 90.
15
Let g = -462 + 294. Let i = 177 + g. What is the highest common factor of 153 and i?
9
Suppose 5 = 3*j + 2*j, -4*v = 2*j - 34. Let h be (-2 - (-46)/v)*4. Calculate the greatest common factor of h and 120.
15
Let q be (-266)/(-11) + (-36)/198. Calculate the highest common divisor of 96 and q.
24
Let q(p) = p**3 - 44*p**2 - 91*p - 34. Let d be q(46). Let c be 1 + 2 + -5 - 2. Let h be 614/d + c/24. Calculate the greatest common factor of 17 and h.
17
Let a(u) = u**3 - 2*u - 5. Let c be a(4). Let q be (18/4)/9*34. Calculate the greatest common divisor of c and q.
17
Let w(i) = i**3 - 12*i**2 + 15*i + 2. Let f(d) = d**2 + 6*d 